{"id":21,"date":"2022-12-03T16:27:39","date_gmt":"2022-12-03T16:27:39","guid":{"rendered":"http:\/\/daf\u00e9.com\/?page_id=21"},"modified":"2026-03-25T12:40:04","modified_gmt":"2026-03-25T12:40:04","slug":"mentions-legales","status":"publish","type":"page","link":"https:\/\/daf\u00e9.com\/?page_id=21","title":{"rendered":"Mentions l\u00e9gales"},"content":{"rendered":"\t\t<div data-elementor-type=\"wp-page\" data-elementor-id=\"21\" class=\"elementor elementor-21\">\n\t\t\t\t\t\t<section class=\"elementor-section elementor-top-section elementor-element elementor-element-e6bfcf1 elementor-section-boxed elementor-section-height-default elementor-section-height-default\" data-id=\"e6bfcf1\" data-element_type=\"section\" data-e-type=\"section\">\n\t\t\t\t\t\t<div class=\"elementor-container elementor-column-gap-default\">\n\t\t\t\t\t<div class=\"elementor-column elementor-col-100 elementor-top-column elementor-element elementor-element-5c58e8d\" data-id=\"5c58e8d\" data-element_type=\"column\" data-e-type=\"column\">\n\t\t\t<div class=\"elementor-widget-wrap elementor-element-populated\">\n\t\t\t\t\t\t<div class=\"elementor-element elementor-element-634c4fe elementor-widget elementor-widget-text-editor\" data-id=\"634c4fe\" data-element_type=\"widget\" data-e-type=\"widget\" data-widget_type=\"text-editor.default\">\n\t\t\t\t<div class=\"elementor-widget-container\">\n\t\t\t\t\t\t\t\t\t<p>CJ CONNECTE 10 Avenue Moli\u00e8re 92600 Asni\u00e8res sur seine<\/p><p>contact@cjconnecte.com<\/p><p>SIRET 999 791 064 00010\u00a0<\/p><p>Con\u00e7u, \u00e9dit\u00e9 et d\u00e9velopp\u00e9 par CJ CONNECTE<\/p><p>H\u00e9berg\u00e9 par Hostinger 61 rue Lordou Vironos 6023 Larnaca, Chypre www.hostinger.fr<\/p>\t\t\t\t\t\t\t\t<\/div>\n\t\t\t\t<\/div>\n\t\t\t\t\t<\/div>\n\t\t<\/div>\n\t\t\t\t\t<\/div>\n\t\t<\/section>\n\t\t\t\t<\/div>\n\t\t","protected":false},"excerpt":{"rendered":"<p>CJ CONNECTE 10 Avenue Moli\u00e8re 92600 Asni\u00e8res sur seine contact@cjconnecte.com SIRET 999 791 064 00010\u00a0 Con\u00e7u, \u00e9dit\u00e9 et d\u00e9velopp\u00e9 par CJ CONNECTE H\u00e9berg\u00e9 par Hostinger 61 rue Lordou Vironos 6023 Larnaca, Chypre www.hostinger.fr<\/p>\n","protected":false},"author":1,"featured_media":0,"parent":0,"menu_order":0,"comment_status":"closed","ping_status":"closed","template":"","meta":{"ocean_post_layout":"","ocean_both_sidebars_style":"","ocean_both_sidebars_content_width":0,"ocean_both_sidebars_sidebars_width":0,"ocean_sidebar":"0","ocean_second_sidebar":"0","ocean_disable_margins":"enable","ocean_add_body_class":"","ocean_shortcode_before_top_bar":"","ocean_shortcode_after_top_bar":"","ocean_shortcode_before_header":"","ocean_shortcode_after_header":"","ocean_has_shortcode":"","ocean_shortcode_after_title":"","ocean_shortcode_before_footer_widgets":"","ocean_shortcode_after_footer_widgets":"","ocean_shortcode_before_footer_bottom":"","ocean_shortcode_after_footer_bottom":"","ocean_display_top_bar":"default","ocean_display_header":"default","ocean_header_style":"","ocean_center_header_left_menu":"0","ocean_custom_header_template":"0","ocean_custom_logo":0,"ocean_custom_retina_logo":0,"ocean_custom_logo_max_width":0,"ocean_custom_logo_tablet_max_width":0,"ocean_custom_logo_mobile_max_width":0,"ocean_custom_logo_max_height":0,"ocean_custom_logo_tablet_max_height":0,"ocean_custom_logo_mobile_max_height":0,"ocean_header_custom_menu":"0","ocean_menu_typo_font_family":"0","ocean_menu_typo_font_subset":"","ocean_menu_typo_font_size":0,"ocean_menu_typo_font_size_tablet":0,"ocean_menu_typo_font_size_mobile":0,"ocean_menu_typo_font_size_unit":"px","ocean_menu_typo_font_weight":"","ocean_menu_typo_font_weight_tablet":"","ocean_menu_typo_font_weight_mobile":"","ocean_menu_typo_transform":"","ocean_menu_typo_transform_tablet":"","ocean_menu_typo_transform_mobile":"","ocean_menu_typo_line_height":0,"ocean_menu_typo_line_height_tablet":0,"ocean_menu_typo_line_height_mobile":0,"ocean_menu_typo_line_height_unit":"","ocean_menu_typo_spacing":0,"ocean_menu_typo_spacing_tablet":0,"ocean_menu_typo_spacing_mobile":0,"ocean_menu_typo_spacing_unit":"","ocean_menu_link_color":"","ocean_menu_link_color_hover":"","ocean_menu_link_color_active":"","ocean_menu_link_background":"","ocean_menu_link_hover_background":"","ocean_menu_link_active_background":"","ocean_menu_social_links_bg":"","ocean_menu_social_hover_links_bg":"","ocean_menu_social_links_color":"","ocean_menu_social_hover_links_color":"","ocean_disable_title":"default","ocean_disable_heading":"default","ocean_post_title":"","ocean_post_subheading":"","ocean_post_title_style":"","ocean_post_title_background_color":"","ocean_post_title_background":0,"ocean_post_title_bg_image_position":"","ocean_post_title_bg_image_attachment":"","ocean_post_title_bg_image_repeat":"","ocean_post_title_bg_image_size":"","ocean_post_title_height":0,"ocean_post_title_bg_overlay":0.5,"ocean_post_title_bg_overlay_color":"","ocean_disable_breadcrumbs":"default","ocean_breadcrumbs_color":"","ocean_breadcrumbs_separator_color":"","ocean_breadcrumbs_links_color":"","ocean_breadcrumbs_links_hover_color":"","ocean_display_footer_widgets":"default","ocean_display_footer_bottom":"default","ocean_custom_footer_template":"0","footnotes":""},"class_list":["post-21","page","type-page","status-publish","hentry","entry"],"yoast_head":"<!-- This site is optimized with the Yoast SEO plugin v27.2 - https:\/\/yoast.com\/product\/yoast-seo-wordpress\/ -->\n<title>Mentions l\u00e9gales - daf\u00e9<\/title>\n<meta name=\"robots\" content=\"index, follow, max-snippet:-1, max-image-preview:large, max-video-preview:-1\" \/>\n<link rel=\"canonical\" href=\"https:\/\/daf\u00e9.com\/?page_id=21\" \/>\n<meta property=\"og:locale\" content=\"fr_FR\" \/>\n<meta property=\"og:type\" content=\"article\" \/>\n<meta property=\"og:title\" content=\"Mentions l\u00e9gales - daf\u00e9\" \/>\n<meta property=\"og:description\" content=\"CJ CONNECTE 10 Avenue Moli\u00e8re 92600 Asni\u00e8res sur seine contact@cjconnecte.com SIRET 999 791 064 00010\u00a0 Con\u00e7u, \u00e9dit\u00e9 et d\u00e9velopp\u00e9 par CJ CONNECTE H\u00e9berg\u00e9 par Hostinger 61 rue Lordou Vironos 6023 Larnaca, Chypre www.hostinger.fr\" \/>\n<meta property=\"og:url\" content=\"https:\/\/daf\u00e9.com\/?page_id=21\" \/>\n<meta property=\"og:site_name\" content=\"daf\u00e9\" \/>\n<meta property=\"article:publisher\" content=\"https:\/\/www.facebook.com\/profile.php?id=100088494336219\" \/>\n<meta property=\"article:modified_time\" content=\"2026-03-25T12:40:04+00:00\" \/>\n<meta property=\"og:image\" content=\"https:\/\/xn--daf-dma.com\/wp-content\/uploads\/2023\/12\/logo-dafe-Copie-e1701899704566.png\" \/>\n\t<meta property=\"og:image:width\" content=\"109\" \/>\n\t<meta property=\"og:image:height\" content=\"35\" \/>\n\t<meta property=\"og:image:type\" content=\"image\/png\" \/>\n<meta name=\"twitter:card\" content=\"summary_large_image\" \/>\n<meta name=\"twitter:label1\" content=\"Dur\u00e9e de lecture estim\u00e9e\" \/>\n\t<meta name=\"twitter:data1\" content=\"1 minute\" \/>\n<script type=\"application\/ld+json\" class=\"yoast-schema-graph\">{\"@context\":\"https:\/\/schema.org\",\"@graph\":[{\"@type\":\"WebPage\",\"@id\":\"https:\/\/daf\u00e9.com\/?page_id=21\",\"url\":\"https:\/\/daf\u00e9.com\/?page_id=21\",\"name\":\"Mentions l\u00e9gales - daf\u00e9\",\"isPartOf\":{\"@id\":\"https:\/\/daf\u00e9.com\/#website\"},\"datePublished\":\"2022-12-03T16:27:39+00:00\",\"dateModified\":\"2026-03-25T12:40:04+00:00\",\"breadcrumb\":{\"@id\":\"https:\/\/daf\u00e9.com\/?page_id=21#breadcrumb\"},\"inLanguage\":\"fr-FR\",\"potentialAction\":[{\"@type\":\"ReadAction\",\"target\":[\"https:\/\/daf\u00e9.com\/?page_id=21\"]}]},{\"@type\":\"BreadcrumbList\",\"@id\":\"https:\/\/daf\u00e9.com\/?page_id=21#breadcrumb\",\"itemListElement\":[{\"@type\":\"ListItem\",\"position\":1,\"name\":\"Home\",\"item\":\"https:\/\/daf\u00e9.com\/\"},{\"@type\":\"ListItem\",\"position\":2,\"name\":\"Mentions l\u00e9gales\"}]},{\"@type\":\"WebSite\",\"@id\":\"https:\/\/daf\u00e9.com\/#website\",\"url\":\"https:\/\/daf\u00e9.com\/\",\"name\":\"daf\u00e9\",\"description\":\"le meilleur du caf\u00e9 de dattes\",\"publisher\":{\"@id\":\"https:\/\/daf\u00e9.com\/#organization\"},\"potentialAction\":[{\"@type\":\"SearchAction\",\"target\":{\"@type\":\"EntryPoint\",\"urlTemplate\":\"https:\/\/daf\u00e9.com\/?s={search_term_string}\"},\"query-input\":{\"@type\":\"PropertyValueSpecification\",\"valueRequired\":true,\"valueName\":\"search_term_string\"}}],\"inLanguage\":\"fr-FR\"},{\"@type\":\"Organization\",\"@id\":\"https:\/\/daf\u00e9.com\/#organization\",\"name\":\"daf\u00e9\",\"url\":\"https:\/\/daf\u00e9.com\/\",\"logo\":{\"@type\":\"ImageObject\",\"inLanguage\":\"fr-FR\",\"@id\":\"https:\/\/daf\u00e9.com\/#\/schema\/logo\/image\/\",\"url\":\"https:\/\/xn--daf-dma.com\/wp-content\/uploads\/2023\/12\/logo-dafe-Copie-e1701899704566.png\",\"contentUrl\":\"https:\/\/xn--daf-dma.com\/wp-content\/uploads\/2023\/12\/logo-dafe-Copie-e1701899704566.png\",\"width\":109,\"height\":35,\"caption\":\"daf\u00e9\"},\"image\":{\"@id\":\"https:\/\/daf\u00e9.com\/#\/schema\/logo\/image\/\"},\"sameAs\":[\"https:\/\/www.facebook.com\/profile.php?id=100088494336219\"]}]}<\/script>\n<!-- \/ Yoast SEO plugin. -->","yoast_head_json":{"title":"Mentions l\u00e9gales - daf\u00e9","robots":{"index":"index","follow":"follow","max-snippet":"max-snippet:-1","max-image-preview":"max-image-preview:large","max-video-preview":"max-video-preview:-1"},"canonical":"https:\/\/daf\u00e9.com\/?page_id=21","og_locale":"fr_FR","og_type":"article","og_title":"Mentions l\u00e9gales - daf\u00e9","og_description":"CJ CONNECTE 10 Avenue Moli\u00e8re 92600 Asni\u00e8res sur seine contact@cjconnecte.com SIRET 999 791 064 00010\u00a0 Con\u00e7u, \u00e9dit\u00e9 et d\u00e9velopp\u00e9 par CJ CONNECTE H\u00e9berg\u00e9 par Hostinger 61 rue Lordou Vironos 6023 Larnaca, Chypre www.hostinger.fr","og_url":"https:\/\/daf\u00e9.com\/?page_id=21","og_site_name":"daf\u00e9","article_publisher":"https:\/\/www.facebook.com\/profile.php?id=100088494336219","article_modified_time":"2026-03-25T12:40:04+00:00","og_image":[{"width":109,"height":35,"url":"https:\/\/xn--daf-dma.com\/wp-content\/uploads\/2023\/12\/logo-dafe-Copie-e1701899704566.png","type":"image\/png"}],"twitter_card":"summary_large_image","twitter_misc":{"Dur\u00e9e de lecture estim\u00e9e":"1 minute"},"schema":{"@context":"https:\/\/schema.org","@graph":[{"@type":"WebPage","@id":"https:\/\/daf\u00e9.com\/?page_id=21","url":"https:\/\/daf\u00e9.com\/?page_id=21","name":"Mentions l\u00e9gales - daf\u00e9","isPartOf":{"@id":"https:\/\/daf\u00e9.com\/#website"},"datePublished":"2022-12-03T16:27:39+00:00","dateModified":"2026-03-25T12:40:04+00:00","breadcrumb":{"@id":"https:\/\/daf\u00e9.com\/?page_id=21#breadcrumb"},"inLanguage":"fr-FR","potentialAction":[{"@type":"ReadAction","target":["https:\/\/daf\u00e9.com\/?page_id=21"]}]},{"@type":"BreadcrumbList","@id":"https:\/\/daf\u00e9.com\/?page_id=21#breadcrumb","itemListElement":[{"@type":"ListItem","position":1,"name":"Home","item":"https:\/\/daf\u00e9.com\/"},{"@type":"ListItem","position":2,"name":"Mentions l\u00e9gales"}]},{"@type":"WebSite","@id":"https:\/\/daf\u00e9.com\/#website","url":"https:\/\/daf\u00e9.com\/","name":"daf\u00e9","description":"le meilleur du caf\u00e9 de dattes","publisher":{"@id":"https:\/\/daf\u00e9.com\/#organization"},"potentialAction":[{"@type":"SearchAction","target":{"@type":"EntryPoint","urlTemplate":"https:\/\/daf\u00e9.com\/?s={search_term_string}"},"query-input":{"@type":"PropertyValueSpecification","valueRequired":true,"valueName":"search_term_string"}}],"inLanguage":"fr-FR"},{"@type":"Organization","@id":"https:\/\/daf\u00e9.com\/#organization","name":"daf\u00e9","url":"https:\/\/daf\u00e9.com\/","logo":{"@type":"ImageObject","inLanguage":"fr-FR","@id":"https:\/\/daf\u00e9.com\/#\/schema\/logo\/image\/","url":"https:\/\/xn--daf-dma.com\/wp-content\/uploads\/2023\/12\/logo-dafe-Copie-e1701899704566.png","contentUrl":"https:\/\/xn--daf-dma.com\/wp-content\/uploads\/2023\/12\/logo-dafe-Copie-e1701899704566.png","width":109,"height":35,"caption":"daf\u00e9"},"image":{"@id":"https:\/\/daf\u00e9.com\/#\/schema\/logo\/image\/"},"sameAs":["https:\/\/www.facebook.com\/profile.php?id=100088494336219"]}]}},"_links":{"self":[{"href":"https:\/\/daf\u00e9.com\/index.php?rest_route=\/wp\/v2\/pages\/21","targetHints":{"allow":["GET"]}}],"collection":[{"href":"https:\/\/daf\u00e9.com\/index.php?rest_route=\/wp\/v2\/pages"}],"about":[{"href":"https:\/\/daf\u00e9.com\/index.php?rest_route=\/wp\/v2\/types\/page"}],"author":[{"embeddable":true,"href":"https:\/\/daf\u00e9.com\/index.php?rest_route=\/wp\/v2\/users\/1"}],"replies":[{"embeddable":true,"href":"https:\/\/daf\u00e9.com\/index.php?rest_route=%2Fwp%2Fv2%2Fcomments&post=21"}],"version-history":[{"count":10,"href":"https:\/\/daf\u00e9.com\/index.php?rest_route=\/wp\/v2\/pages\/21\/revisions"}],"predecessor-version":[{"id":374,"href":"https:\/\/daf\u00e9.com\/index.php?rest_route=\/wp\/v2\/pages\/21\/revisions\/374"}],"wp:attachment":[{"href":"https:\/\/daf\u00e9.com\/index.php?rest_route=%2Fwp%2Fv2%2Fmedia&parent=21"}],"curies":[{"name":"wp","href":"https:\/\/api.w.org\/{rel}","templated":true}]}}